{"id":34,"date":"2020-02-13T11:38:09","date_gmt":"2020-02-13T10:38:09","guid":{"rendered":"https:\/\/lsp.es\/sana-t\/?page_id=34"},"modified":"2025-12-04T15:40:48","modified_gmt":"2025-12-04T14:40:48","slug":"el-origen-de-la-marca","status":"publish","type":"page","link":"https:\/\/lsp.es\/sana-t\/el-origen-de-la-marca\/","title":{"rendered":"EL ORIGEN DE LA MARCA"},"content":{"rendered":"<div id='av_section_1'  class='avia-section main_color avia-section-large avia-no-border-styling  avia-full-stretch av-parallax-section av-section-color-overlay-active avia-bg-style-parallax  avia-builder-el-0  el_before_av_section  avia-builder-el-first   av-minimum-height av-minimum-height-75  container_wrap sidebar_right' style=' '  data-section-bg-repeat='stretch' data-av_minimum_height_pc='75'><div class='av-parallax' data-avia-parallax-ratio='0.3' ><div class='av-parallax-inner main_color  avia-full-stretch' style = 'background-repeat: no-repeat; background-image: url(https:\/\/lsp.es\/sana-t\/wp-content\/uploads\/2021\/05\/Grulla_rosa.jpg);background-attachment: scroll; background-position: center center; ' ><\/div><\/div><div class='av-section-color-overlay-wrap'><div class='av-section-color-overlay' style='opacity: 0.1; background-color: #000000; '><\/div><div class='container' ><main  role=\"main\" itemprop=\"mainContentOfPage\"  class='template-page content  av-content-small alpha units'><div class='post-entry post-entry-type-page post-entry-34'><div class='entry-content-wrapper clearfix'>\n<div class=\"flex_column av_one_full  no_margin flex_column_div av-zero-column-padding first  avia-builder-el-1  el_before_av_one_full  avia-builder-el-first  \" style='margin-top:0; margin-bottom:0; border-radius:0px; '><div  style='padding-bottom:0px; margin:0 0 0 0; color:#ffffff;font-size:42px;' class='av-special-heading av-special-heading-h2 custom-color-heading blockquote modern-quote modern-centered  avia-builder-el-2  avia-builder-el-no-sibling  av-inherit-size '><h2 class='av-special-heading-tag '  itemprop=\"headline\"  >EL ORIGEN DE LA MARCA<\/h2><div class='special-heading-border'><div class='special-heading-inner-border' style='border-color:#ffffff'><\/div><\/div><\/div><\/div><div class=\"flex_column av_one_full  flex_column_div av-zero-column-padding first  avia-builder-el-3  el_after_av_one_full  el_before_av_one_fifth  column-top-margin\" style='border-radius:0px; '><section class=\"av_textblock_section \"  itemscope=\"itemscope\" itemtype=\"https:\/\/schema.org\/CreativeWork\" ><div class='avia_textblock texto_justificado '  style='font-size:26px; '  itemprop=\"text\" ><div class=\"page\" title=\"Page 1\">\n<div class=\"section\">\n<div class=\"layoutArea\">\n<div class=\"column\">\n<p style=\"text-align: center;\">Cuenta una antigua leyenda japonesa que cualquiera que consiga hacer 1.000 grullas de papel recibira\u0301 un deseo de esperanza, tal como una larga vida o la recuperacio\u0301n de una enfermedad.<\/p>\n<p style=\"text-align: center;\">Todavi\u0301a hoy, en la cultura nipona, las 1.000 grullas de origami, si\u0301mbolo de paz y longevidad, se hacen para amigos y familiares que esta\u0301n pasando por una enfermedad.<\/p>\n<p style=\"text-align: center;\">Queremos expresar con <strong>SANA-T<\/strong>, a trave\u0301s de esta preciosa leyenda, un deseo de recuperacio\u0301n, contribuyendo a mejorar el bienestar y la calidad de vida de las personas mediante soluciones sencillas pero de eficacia demostrada: productos dermocosme\u0301ticos que dan respuesta a los problemas especi\u0301ficos de la piel, cuero cabelludo y cabello ocasionados por tratamientos oncolo\u0301gicos. Por eso, cada uno de nuestros productos simboliza una grulla que envi\u0301a un deseo de bienestar a una persona que lo necesita. Nuestra voluntad es que las personas se vean bien y se sientan mejor. Porque la belleza no es so\u0301lo una cuestio\u0301n de salud, sino tambie\u0301n de actitud. Estar a gusto con nuestra propia imagen nos hace sentir ma\u0301s fuertes, y este sentimiento puede ser de gran ayuda para superar cualquier circunstancia.<\/p>\n<\/div>\n<\/div>\n<\/div>\n<\/div>\n<\/div><\/section><\/div><div class=\"flex_column av_one_fifth  flex_column_div av-zero-column-padding first  avia-builder-el-5  el_after_av_one_full  el_before_av_three_fifth  column-top-margin\" style='border-radius:0px; '><\/div><div class=\"flex_column av_three_fifth  flex_column_div av-zero-column-padding   avia-builder-el-6  el_after_av_one_fifth  el_before_av_one_fifth  column-top-margin\" style='border-radius:0px; '><div  style='padding-bottom:10px; color:#ffffff;font-size:40px;' class='av-special-heading av-special-heading-h2 custom-color-heading blockquote classic-quote  avia-builder-el-7  avia-builder-el-no-sibling  frase av-inherit-size '><h2 class='av-special-heading-tag '  itemprop=\"headline\"  ><span class='special_amp'>\u201c<\/span>la belleza es un estado de \u00e1nimo<span class='special_amp'>\u201d<\/span><\/h2><div class='special-heading-border'><div class='special-heading-inner-border' style='border-color:#ffffff'><\/div><\/div><\/div><\/div><div class=\"flex_column av_one_fifth  flex_column_div av-zero-column-padding   avia-builder-el-8  el_after_av_three_fifth  avia-builder-el-last  column-top-margin\" style='border-radius:0px; '><\/div>\n\n<\/div><\/div><\/main><!-- close content main element --><\/div><\/div><\/div><div id='nuestra-filosofia'  class='avia-section main_color avia-section-large avia-no-border-styling  avia-bg-style-scroll  avia-builder-el-9  el_after_av_section  el_before_av_section   av-medium-hide av-small-hide av-mini-hide container_wrap sidebar_right' style='background-repeat: no-repeat; background-image: url(https:\/\/lsp.es\/sana-t\/wp-content\/uploads\/2021\/05\/SANA-T-NOIA.png);background-attachment: scroll; background-position: top left;  '  data-section-bg-repeat='no-repeat'><div class='container' ><div class='template-page content  av-content-small alpha units'><div class='post-entry post-entry-type-page post-entry-34'><div class='entry-content-wrapper clearfix'>\n<div class=\"flex_column av_two_fifth  flex_column_div av-zero-column-padding first  avia-builder-el-10  el_before_av_three_fifth  avia-builder-el-first  \" style='border-radius:0px; '><\/div><div class=\"flex_column av_three_fifth  flex_column_div av-zero-column-padding   avia-builder-el-11  el_after_av_two_fifth  el_before_av_two_fifth  \" style='border-radius:0px; '><div  style='padding-bottom:10px; font-size:42px;' class='av-special-heading av-special-heading-h2  blockquote modern-quote modern-centered  avia-builder-el-12  avia-builder-el-no-sibling  av-inherit-size '><h2 class='av-special-heading-tag '  itemprop=\"headline\"  >NUESTRA FILOSOF\u00cdA<\/h2><div class='special-heading-border'><div class='special-heading-inner-border' ><\/div><\/div><\/div><\/div><div class='flex_column_table av-equal-height-column-flextable -flextable' ><div class=\"flex_column av_two_fifth  flex_column_table_cell av-equal-height-column av-align-top first  avia-builder-el-13  el_after_av_three_fifth  el_before_av_three_fifth  \" style='padding:30px 0px 30px 0px ; border-radius:0px; '><\/div><div class='av-flex-placeholder'><\/div><div class=\"flex_column av_three_fifth  flex_column_table_cell av-equal-height-column av-align-top   avia-builder-el-14  el_after_av_two_fifth  avia-builder-el-last  \" style='padding:30px 0px 30px 0px ; border-radius:0px; '><section class=\"av_textblock_section \"  itemscope=\"itemscope\" itemtype=\"https:\/\/schema.org\/CreativeWork\" ><div class='avia_textblock texto_justificado '  style='font-size:18px; '  itemprop=\"text\" ><h4 style=\"text-align: center; font-size: 26px;\">LA HONESTIDAD Y LA TRANSPARENCIA<\/h4>\n<p style=\"text-align: center;\">Desde el contenido de las f\u00f3rmulas hasta la eficacia testada de los productos, no hacemos falsas promesas, lo contamos todo tal y como es.<\/p>\n<\/div><\/section><br \/>\n<div  style=' margin-top:30px; margin-bottom:30px;'  class='hr hr-custom hr-center hr-icon-no   avia-builder-el-16  el_after_av_textblock  el_before_av_textblock '><span class='hr-inner  inner-border-av-border-fat' style=' width:100px; border-color:#b7848b;' ><span class='hr-inner-style'><\/span><\/span><\/div><br \/>\n<section class=\"av_textblock_section \"  itemscope=\"itemscope\" itemtype=\"https:\/\/schema.org\/CreativeWork\" ><div class='avia_textblock texto_justificado '  style='font-size:18px; '  itemprop=\"text\" ><h4 style=\"text-align: center; font-size: 26px;\">LA M\u00c1XIMA TOLERANCIA Y SEGURIDAD<\/h4>\n<p style=\"text-align: center;\">Nuestras f\u00f3rmulas han superado los est\u00e1ndares m\u00e1s exigentes de calidad para asegurar la total afinidad y respeto por la piel sensibilizada. Adem\u00e1s, son libres de parabenos y siliconas.<\/p>\n<\/div><\/section><br \/>\n<div  style=' margin-top:30px; margin-bottom:30px;'  class='hr hr-custom hr-center hr-icon-no   avia-builder-el-18  el_after_av_textblock  el_before_av_textblock '><span class='hr-inner  inner-border-av-border-fat' style=' width:100px; border-color:#b7848b;' ><span class='hr-inner-style'><\/span><\/span><\/div><br \/>\n<section class=\"av_textblock_section \"  itemscope=\"itemscope\" itemtype=\"https:\/\/schema.org\/CreativeWork\" ><div class='avia_textblock texto_justificado '  style='font-size:18px; '  itemprop=\"text\" ><h4 style=\"text-align: center; font-size: 26px;\">EL RIGOR CIENT\u00cdFICO Y EFICACIA<\/h4>\n<p style=\"text-align: center;\">Hemos invertido grandes esfuerzos y recursos en demostrar la eficacia de todos y cada uno de nuestros productos, mediante estudios cl\u00ednicos y sensoriales, poniendo especial \u00e9nfasis en recuperar el bienestar y confort de las pieles tratadas.<\/p>\n<\/div><\/section><br \/>\n<div  style=' margin-top:30px; margin-bottom:30px;'  class='hr hr-custom hr-center hr-icon-no   avia-builder-el-20  el_after_av_textblock  el_before_av_textblock '><span class='hr-inner  inner-border-av-border-fat' style=' width:100px; border-color:#b7848b;' ><span class='hr-inner-style'><\/span><\/span><\/div><br \/>\n<section class=\"av_textblock_section \"  itemscope=\"itemscope\" itemtype=\"https:\/\/schema.org\/CreativeWork\" ><div class='avia_textblock texto_justificado '  style='font-size:18px; '  itemprop=\"text\" ><h4 style=\"text-align: center; font-size: 26px;\">EL COMPROMISO SOCIAL<\/h4>\n<p style=\"text-align: center;\">Siguiendo la cadena de deseos, destinaremos un porcentaje de nuestras ventas a proyectos y entidades dedicadas a la investigaci\u00f3n y la lucha contra el c\u00e1ncer. Adem\u00e1s de apoyar y colaborar en eventos organizados por la AECC.<\/p>\n<\/div><\/section><br \/>\n<div   class='hr hr-default   avia-builder-el-22  el_after_av_textblock  el_before_av_textblock '><span class='hr-inner ' ><span class='hr-inner-style'><\/span><\/span><\/div><br \/>\n<section class=\"av_textblock_section \"  itemscope=\"itemscope\" itemtype=\"https:\/\/schema.org\/CreativeWork\" ><div class='avia_textblock  '   itemprop=\"text\" ><h4 style=\"text-align: center; font-size: 26px;\"><a href=\"https:\/\/lsp.es\/sana-t\/faq\/\">PREGUNTAS FRECUENTES &#8211; FAQ<\/a><\/h4>\n<\/div><\/section><\/p><\/div><\/div><!--close column table wrapper. Autoclose: 1 --><\/div><\/div><\/div><!-- close content main div --><\/div><\/div><div id='nuestra-filosofia'  class='avia-section main_color avia-section-large avia-no-border-styling  avia-bg-style-scroll  avia-builder-el-24  el_after_av_section  avia-builder-el-last   av-desktop-hide container_wrap sidebar_right' style=' '  ><div class='container' ><div class='template-page content  av-content-small alpha units'><div class='post-entry post-entry-type-page post-entry-34'><div class='entry-content-wrapper clearfix'>\n<div class=\"flex_column av_one_fifth  flex_column_div av-zero-column-padding first  avia-builder-el-25  el_before_av_three_fifth  avia-builder-el-first  \" style='border-radius:0px; '><\/div><div class=\"flex_column av_three_fifth  flex_column_div av-zero-column-padding   avia-builder-el-26  el_after_av_one_fifth  el_before_av_one_fifth  \" style='border-radius:0px; '><div  style='padding-bottom:10px; font-size:42px;' class='av-special-heading av-special-heading-h2  blockquote modern-quote modern-centered  avia-builder-el-27  avia-builder-el-no-sibling  av-inherit-size '><h2 class='av-special-heading-tag '  itemprop=\"headline\"  >NUESTRA FILOSOF\u00cdA<\/h2><div class='special-heading-border'><div class='special-heading-inner-border' ><\/div><\/div><\/div><\/div><div class=\"flex_column av_one_fifth  flex_column_div   avia-builder-el-28  el_after_av_three_fifth  el_before_av_one_fifth  \" style='padding:30px 0px 30px 0px ; border-radius:0px; '><\/div><div class='flex_column_table av-equal-height-column-flextable -flextable' ><div class=\"flex_column av_one_fifth  flex_column_table_cell av-equal-height-column av-align-top av-zero-column-padding first  avia-builder-el-29  el_after_av_one_fifth  el_before_av_three_fifth  column-top-margin\" style='border-radius:0px; '><\/div><div class='av-flex-placeholder'><\/div><div class=\"flex_column av_three_fifth  flex_column_table_cell av-equal-height-column av-align-top   avia-builder-el-30  el_after_av_one_fifth  el_before_av_one_fifth  column-top-margin\" style='padding:30px 0px 30px 0px ; border-radius:0px; '><section class=\"av_textblock_section \"  itemscope=\"itemscope\" itemtype=\"https:\/\/schema.org\/CreativeWork\" ><div class='avia_textblock texto_justificado '  style='font-size:18px; '  itemprop=\"text\" ><h4 style=\"text-align: center; font-size: 26px;\">LA HONESTIDAD Y LA TRANSPARENCIA<\/h4>\n<p style=\"text-align: center;\">Desde el contenido de las f\u00f3rmulas hasta la eficacia testada de los productos, no hacemos falsas promesas, lo contamos todo tal y como es.<\/p>\n<\/div><\/section><br \/>\n<div  style=' margin-top:30px; margin-bottom:30px;'  class='hr hr-custom hr-center hr-icon-no   avia-builder-el-32  el_after_av_textblock  el_before_av_textblock '><span class='hr-inner  inner-border-av-border-fat' style=' width:100px; border-color:#b7848b;' ><span class='hr-inner-style'><\/span><\/span><\/div><br \/>\n<section class=\"av_textblock_section \"  itemscope=\"itemscope\" itemtype=\"https:\/\/schema.org\/CreativeWork\" ><div class='avia_textblock texto_justificado '  style='font-size:18px; '  itemprop=\"text\" ><h4 style=\"text-align: center; font-size: 26px;\">LA M\u00c1XIMA TOLERANCIA Y SEGURIDAD<\/h4>\n<p style=\"text-align: center;\">Nuestras f\u00f3rmulas han superado los est\u00e1ndares m\u00e1s exigentes de calidad para asegurar la total afinidad y respeto por la piel sensibilizada. Adem\u00e1s, son libres de parabenos y siliconas.<\/p>\n<\/div><\/section><br \/>\n<div  style=' margin-top:30px; margin-bottom:30px;'  class='hr hr-custom hr-center hr-icon-no   avia-builder-el-34  el_after_av_textblock  el_before_av_textblock '><span class='hr-inner  inner-border-av-border-fat' style=' width:100px; border-color:#b7848b;' ><span class='hr-inner-style'><\/span><\/span><\/div><br \/>\n<section class=\"av_textblock_section \"  itemscope=\"itemscope\" itemtype=\"https:\/\/schema.org\/CreativeWork\" ><div class='avia_textblock texto_justificado '  style='font-size:18px; '  itemprop=\"text\" ><h4 style=\"text-align: center; font-size: 26px;\">EL RIGOR CIENT\u00cdFICO Y EFICACIA<\/h4>\n<p style=\"text-align: center;\">Hemos invertido grandes esfuerzos y recursos en demostrar la eficacia de todos y cada uno de nuestros productos, mediante estudios cl\u00ednicos y sensoriales, poniendo especial \u00e9nfasis en recuperar el bienestar y confort de las pieles tratadas.<\/p>\n<\/div><\/section><br \/>\n<div  style=' margin-top:30px; margin-bottom:30px;'  class='hr hr-custom hr-center hr-icon-no   avia-builder-el-36  el_after_av_textblock  el_before_av_textblock '><span class='hr-inner  inner-border-av-border-fat' style=' width:100px; border-color:#b7848b;' ><span class='hr-inner-style'><\/span><\/span><\/div><br \/>\n<section class=\"av_textblock_section \"  itemscope=\"itemscope\" itemtype=\"https:\/\/schema.org\/CreativeWork\" ><div class='avia_textblock texto_justificado '  style='font-size:18px; '  itemprop=\"text\" ><h4 style=\"text-align: center; font-size: 26px;\">EL COMPROMISO SOCIAL<\/h4>\n<p style=\"text-align: center;\">Siguiendo la cadena de deseos, destinaremos un porcentaje de nuestras ventas a proyectos y entidades dedicadas a la investigaci\u00f3n y la lucha contra el c\u00e1ncer.<\/p>\n<\/div><\/section><\/p><\/div><div class='av-flex-placeholder'><\/div><div class=\"flex_column av_one_fifth  flex_column_table_cell av-equal-height-column av-align-top   avia-builder-el-38  el_after_av_three_fifth  avia-builder-el-last  column-top-margin\" style='padding:30px 0px 30px 0px ; border-radius:0px; '><\/div><\/div><!--close column table wrapper. Autoclose: 1 -->\n<\/div><\/div><\/div><!-- close content main div --><\/div><\/div><div id='after_section_3'  class='main_color av_default_container_wrap container_wrap sidebar_right' style=' '  ><div class='container' ><div class='template-page content  av-content-small alpha units'><div class='post-entry post-entry-type-page post-entry-34'><div class='entry-content-wrapper clearfix'><\/p>\n","protected":false},"excerpt":{"rendered":"","protected":false},"author":1,"featured_media":0,"parent":0,"menu_order":10,"comment_status":"closed","ping_status":"closed","template":"","meta":[],"_links":{"self":[{"href":"https:\/\/lsp.es\/sana-t\/wp-json\/wp\/v2\/pages\/34\/"}],"collection":[{"href":"https:\/\/lsp.es\/sana-t\/wp-json\/wp\/v2\/pages\/"}],"about":[{"href":"https:\/\/lsp.es\/sana-t\/wp-json\/wp\/v2\/types\/page\/"}],"author":[{"embeddable":true,"href":"https:\/\/lsp.es\/sana-t\/wp-json\/wp\/v2\/users\/1\/"}],"replies":[{"embeddable":true,"href":"https:\/\/lsp.es\/sana-t\/wp-json\/wp\/v2\/comments\/?post=34"}],"version-history":[{"count":145,"href":"https:\/\/lsp.es\/sana-t\/wp-json\/wp\/v2\/pages\/34\/revisions\/"}],"predecessor-version":[{"id":1650,"href":"https:\/\/lsp.es\/sana-t\/wp-json\/wp\/v2\/pages\/34\/revisions\/1650\/"}],"wp:attachment":[{"href":"https:\/\/lsp.es\/sana-t\/wp-json\/wp\/v2\/media\/?parent=34"}],"curies":[{"name":"wp","href":"https:\/\/api.w.org\/{rel}","templated":true}]}}